 q - 150 = -h. Is (q/(-9))/((-2)/6) composite?
True
Suppose -3*t - 148 = -2*y, -2*y + 162 = 2*t + 2*t. Suppose -4*z + 124 = 2*x + z, -5*z = -x + y. Is x a prime number?
True
Suppose -17 = -3*g + 10. Let l = g - -5. Is l prime?
False
Let s(y) = -y**3 + 12*y**2 - 7*y + 19. Is s(10) a prime number?
True
Let b = -17 + 75. Is b prime?
False
Suppose -5*t + 7*t = 276. Let d(f) = -2*f**3 - f**2 + 1. Let k be d(-1). Suppose -n = k*n - t. Is n composite?
True
Let c(j) = 7*j**3 - 5*j**2 + 5*j - 28. Let q(t) = 6*t**3 - 4*t**2 + 4*t - 27. Let f(y) = 5*c(y) - 6*q(y). Suppose 5*d - d = 0. Is f(d) a prime number?
False
Let i(l) = l - 4. Let o be i(5). Let h be o/(-2)*2 - -159. Let w = h + -107. Is w a prime number?
False
Suppose 2*t - 1349 = t - l, -3*t = l - 4053. Let f be t/28 - 2/7. Let o = f + 3. Is o a prime number?
False
Let b(p) = p**3 + p**2 - 2*p - 1. Let y be b(-2). Let v(h) = -h + 12. Let j be v(10). Is j*5 + y + 2 composite?
False
Suppose 3 = x + 2*x. Let l = x - 5. Is (-1 - l)*(-118)/(-6) a prime number?
True
Let h(t) = t**3 - 8*t**2 - 9*t + 4. Let u be h(9). Let q(b) = -b**3 + 6*b**2 - 1. Is q(u) a composite number?
False
Let f = 769 + -402. Is f a prime number?
True
Let u(g) = -g**2 + 5*g + 2. Let q be u(4). Is (-221)/(-3) - (-2)/q composite?
True
Let i(z) = -z**2 + 8*z - 9. Let w be i(6). Suppose 3*k + 2*s + 0*s = 115, -w*s = -4*k + 125. Is k a prime number?
False
Let m(o) be the third derivative of -31*o**4/24 - 2*o**3/3 - o**2. Suppose 5*c + 2 = 5*p + 7, 14 = 2*c - 5*p. Is m(c) a prime number?
True
Let k = 402 - 31. Is k composite?
True
Suppose 4*i = 3*i + 3*w + 2, -2*w = 2. Let m = i + 8. Is m prime?
True
Suppose -734 + 4330 = 4*l. Is l a prime number?
False
Let w(l) = 2*l**3 - l**2 - 2*l. Let i be w(2). Suppose 0 = 3*q - i*q + 835. Is q composite?
False
Suppose 2*l + 339 = 5*l. Is l prime?
True
Let l(u) = -15*u**3 + 2*u**2 + 4*u + 3. Is l(-2) a prime number?
False
Suppose -u + 72 = -5*t, -2*t + 6*t + u + 54 = 0. Let f = 49 + t. Is f prime?
False
Let s = 10 + 21. Is s composite?
False
Let t be 2 - 387/(9/(-3)). Suppose -6*i = -521 + t. Is i prime?
False
Suppose 0 = 4*m - 3*w, -3*m = m + 2*w - 20. Suppose -m*a + 110 = -3*d + 332, -a + 3 = 0. Suppose -5*g + 108 = -d. Is g a prime number?
True
Let w = -3 - -5. Suppose -4*u - 140 = -w*y, 6*y = 3*y + u + 220. Is (y/(-5))/(2/(-5)) composite?
False
Let f(s) = s**3 - 6*s**2 + 9*s - 1. Is f(6) prime?
True
Suppose -4*r + 2*l = -7*r + 11, r = 5*l - 2. Let s be 104 + ((-9)/3)/r. Suppose -g = -0*h - h + 34, -2*g = -3*h + s. Is h a composite number?
True
Suppose r = -2*v + 1, -v - 7 = -2*r - 0. Is (93/(-2))/r*-2 prime?
True
Let n = -7 - -10. Suppose -n*c + 2*c + 85 = 0. Is c prime?
False
Let k(c) = c**3 + 3*c**2 - 4*c + 1. Let b be k(-4). Let x(h) = h**2 - 12*h - 7. Let a be x(9). Is -2 - (-1 + a/b) prime?
False
Suppose -5*u = -2*u - 201. Is u a composite number?
False
Let d(l) = l**3 - l + 307. Is d(0) prime?
True
Let h(s) = -11*s**3 + 17*s**2 + 3*s - 18. Let k(r) = -7*r**3 + 11*r**2 + 2*r - 12. Let n(a) = 5*h(a) - 8*k(a). Is n(5) a composite number?
True
Let y = -73 - -546. Is y a prime number?
False
Let k(t) = 2 - t**2 + 0*t**2 + 2 - 3*t. Let a be k(-3). Suppose 0 = -a*h - h + 165. Is h a composite number?
True
Let m(t) = 10*t**3 - t**2 - 5*t + 7. Is m(5) a composite number?
True
Let x(l) be the first derivative of -2*l**4 + 4*l**3/3 + 5*l**2/2 + 2*l - 3. Is x(-3) a composite number?
False
Let y(j) = -j**3 - 3*j - 3. Let s be y(-3). Suppose 0 = b - 4*b + s. Is b a composite number?
False
Suppose 5*u = 2*k - 102, -k - 4*u + 3*u + 37 = 0. Suppose 38 = l - k. Is l a composite number?
False
Let j = -6 + 20. Is j a composite number?
True
Let m = 10251 - 7184. Is m prime?
True
Let g(s) = s**2 - 2. Let q be g(2). Suppose 0 = 2*h - q, t - 5*h + 2 = -6. Let c(i) = -5*i. Is c(t) composite?
True
Is 6/(-18) + (-3200)/(-6) a composite number?
True
Let q be (-7)/(-3) + (-14)/(-21). Suppose -4*u + 74 = -q*u. Is u composite?
True
Let s = 7 - 2. Let j(l) = l + 1. Let f be j(5). Suppose -v + f*v = d + 267, -3*v - s*d = -149. Is v a composite number?
False
Suppose 5*l + 68 = z, 5*l + 4*z - 50 + 128 = 0. Let p = l + 21. Is p a composite number?
False
Let m(s) = -2*s - 21. Is m(-14) a composite number?
False
Suppose -4*y + 277 = 913. Let u = 382 + y. Is u composite?
False
Suppose 0 = 2*j + j - 17610. Suppose 5*t - j = -1045. Is t a prime number?
False
Suppose -y = 4*y - 1905. Is y a prime number?
False
Suppose 6 + 14 = -d. Let x = d - -8. Let s = x - -18. Is s a prime number?
False
Suppose 894 + 391 = 5*v. Is v composite?
False
Let p(i) = 37*i**3 + 4*i - 3. Is p(2) a prime number?
False
Suppose 0*s = -2*s - 2*f + 16, 3*s + f = 14. Let g(a) = -49*a + 14. Let k be g(-8). Suppose -s*y + y + k = 0. Is y prime?
False
Let t = 1 - 1. Let d(a) = -a + 74. Let l be d(t). Suppose -l = j - 3*j. Is j prime?
True
Is 5032/88 + 4/(-22) prime?
False
Is (3508/(-8) - 1)/(2/(-4)) a composite number?
True
Let o(w) be the first derivative of w**5/15 + 5*w**4/24 - w**3/3 - 2. Let g(a) be the third derivative of o(a). Is g(6) prime?
True
Let h be (-4)/(-24) + (-2)/12. Suppose 4*l - 3*l = h. Suppose l*t = 5*t - 130. Is t composite?
True
Suppose -3*o - 9 = 0, -2*o - 883 = -3*i + 116. Is i prime?
True
Is 9037/14 + 1/(-2) - 4 a prime number?
True
Let t(w) = -w**3 + 3*w**2 - 1. Let z be (9/(-6))/3*-4. Let n be t(z). Suppose -4*o + 37 = -n*o. Is o prime?
True
Let q(m) = -2*m**3 + 12*m**2 + 0*m**3 + 11 + 5*m + 3*m**3. Is q(-10) composite?
True
Let a = 10 - 16. Is (2 - -417)*a/(-6) prime?
True
Let o = -14 + 26. Let m be ((-39)/6)/((-3)/o). Let u = m + 27. Is u composite?
False
Let s(x) = -x + 310. Let t be s(0). Let l = t - -231. Is l prime?
True
Let r be 0 + 2 - (2 - 2). Suppose -5*i + 26 = -2*c, r*i - 2*c + 7*c = 22. Is i a composite number?
True
Let j = -8 - -1172. Suppose 0 = -4*p + 4*s + j, -2*p - s + 589 = 7. Is p a composite number?
True
Is ((-9)/(-27))/(-1*(-2)/7554) composite?
False
Let g = 1 + 6. Suppose g*y = 2*y + 2385. Suppose -4*b + v - 140 = -y, 0 = 2*b - 3*v - 161. Is b prime?
False
Let b(f) = 69*f - 13. Is b(4) prime?
True
Is (-11 + -22)/((-2 + 1)*1) composite?
True
Let d(n) = 3*n**2 - n. Let v be d(2). Is (-12)/v*(-150)/12 a composite number?
True
Let l be -5 + 3 + -3 + 3. Is (-2 - (-2 + l)) + 75 composite?
True
Let m = 95 + -36. Is m composite?
False
Suppose -4*f - f = -2465. Is f prime?
False
Let k = -804 - -1997. Is k a composite number?
False
Suppose 4*a - 2 = 2*a. Let c be ((-25)/(-10))/(a/2). Suppose -1 = -2*n - c, -5*n - 49 = -3*q. Is q a composite number?
False
Suppose -3*o + 6*o = 1944. Suppose -t - 484 = -3*a, 2*a + 4*t = 6*a - o. Is a composite?
True
Let u(j) = -4*j + 7. Is u(-7) composite?
True
Let k(a) = 3*a. Suppose -l + 6*l + 2*b + 5 = 0, 0 = 5*l - 2*b + 25. Let h be k(l). Let o = h - -24. Is o a composite number?
True
Suppose -2*t = 2*w - 2, -w = -0*t - 4*t + 19. Suppose t*l - 308 = -0*l. Is l composite?
True
Suppose 4*v - 37 + 236 = 3*i, -5*i + 285 = 5*v. Let y = i - -52. Is y a composite number?
False
Suppose 0 = -n + 5*q - 6, 0*n - 4*n + 12 = -2*q. Suppose -n*i = 3*b - 6*b - 1177, i - b = 294. Is i prime?
False
Suppose -5*r + 4*w + 90 = 0, -29 = -3*r + 2*r + 3*w. Suppose r = -3*j + 4*m, -4*j - 3 = -3*j - m. Suppose -116 = j*x - 7*x - g, 0 = g - 1. Is x prime?
True
Let p(a) be the first derivative of -a**3/3 + 7*a**2/2 - 2*a + 2. Is p(4) composite?
True
Let j(h) = 17*h**2 - 9*h - 1. Is j(-5) prime?
False
Suppose 3*q - 43 = -4*s, 0*s - 30 = -2*q - 3*s. Is 528/q - 1/(-3) a prime number?
True
Let q(w) = -2*w**3 - w**2 + 3*w + 1. Suppose -4*i = -3*i + 3. Is q(i) a composite number?
False
Suppose -4*z = z - 1455. Is z a prime number?
False
Let l(h) = 9*h**2 - 3*h - 1. Suppose 0*n + 5*n = 20. Is l(n) a composite number?
False
Let k = -15 + 30. Let l = -11 + k. Is (-2)/l - 107/(-2) composite?
False
Suppose -s = s - 1478. Is s composite?
False
Suppose -s = -0*s - 7. Suppose -s = -g + 3*k + 2, -5 = -g - k. Suppose -g*x + 3*x + 273 = 0. Is x composite?
True
Let f = -575 + 1356. Is f prime?
False
Let s(q) = -46*q + 3 + 9*q - 3. Is s(-1) prime?
True
Let a(c) = c**3 + 8*c + 7. Is a(8) prime?
False
Let k = -10 + 4. Let v = k - -19. Is v composite?
False
Let w = -5 + 3. Let g = 6 - w. Suppose 7*f + 191 = g*f. Is f composite?
Fa